{"id":807,"date":"2025-06-13T16:03:20","date_gmt":"2025-06-13T14:03:20","guid":{"rendered":"https:\/\/recercacompetecs.udl.cat\/codicri\/?page_id=807"},"modified":"2026-04-18T00:08:08","modified_gmt":"2026-04-17T22:08:08","slug":"transferencia","status":"publish","type":"page","link":"https:\/\/recercacompetecs.udl.cat\/codicri\/productos-derivados\/transferencia","title":{"rendered":"Transferencia"},"content":{"rendered":"\t\t<div data-elementor-type=\"wp-page\" data-elementor-id=\"807\" class=\"elementor elementor-807\" data-elementor-post-type=\"page\">\n\t\t\t\t<div class=\"elementor-element elementor-element-1a2e5a5 e-flex e-con-boxed e-con e-parent\" data-id=\"1a2e5a5\" data-element_type=\"container\" data-e-type=\"container\">\n\t\t\t\t\t<div class=\"e-con-inner\">\n\t\t\t\t<div class=\"elementor-element elementor-element-4c0a513 elementor-widget elementor-widget-spacer\" data-id=\"4c0a513\" data-element_type=\"widget\" data-e-type=\"widget\" data-widget_type=\"spacer.default\">\n\t\t\t\t<div class=\"elementor-widget-container\">\n\t\t\t\t\t\t\t<div class=\"elementor-spacer\">\n\t\t\t<div class=\"elementor-spacer-inner\"><\/div>\n\t\t<\/div>\n\t\t\t\t\t\t<\/div>\n\t\t\t\t<\/div>\n\t\t\t\t<div class=\"elementor-element elementor-element-7fd9a07 elementor-widget-divider--view-line_text elementor-widget-divider--element-align-center elementor-widget elementor-widget-divider\" data-id=\"7fd9a07\" data-element_type=\"widget\" data-e-type=\"widget\" data-widget_type=\"divider.default\">\n\t\t\t\t<div class=\"elementor-widget-container\">\n\t\t\t\t\t\t\t<div class=\"elementor-divider\">\n\t\t\t<span class=\"elementor-divider-separator\">\n\t\t\t\t\t\t\t<span class=\"elementor-divider__text elementor-divider__element\">\n\t\t\t\tTransferencia\/Transfer\t\t\t\t<\/span>\n\t\t\t\t\t\t<\/span>\n\t\t<\/div>\n\t\t\t\t\t\t<\/div>\n\t\t\t\t<\/div>\n\t\t\t\t<div class=\"elementor-element elementor-element-59e5a75 elementor-widget elementor-widget-spacer\" data-id=\"59e5a75\" data-element_type=\"widget\" data-e-type=\"widget\" data-widget_type=\"spacer.default\">\n\t\t\t\t<div class=\"elementor-widget-container\">\n\t\t\t\t\t\t\t<div class=\"elementor-spacer\">\n\t\t\t<div class=\"elementor-spacer-inner\"><\/div>\n\t\t<\/div>\n\t\t\t\t\t\t<\/div>\n\t\t\t\t<\/div>\n\t\t<div class=\"elementor-element elementor-element-cdfe5bd e-con-full e-flex e-con e-child\" data-id=\"cdfe5bd\" data-element_type=\"container\" data-e-type=\"container\">\n\t\t<div class=\"elementor-element elementor-element-9eac8d0 e-con-full e-flex e-con e-child\" data-id=\"9eac8d0\" data-element_type=\"container\" data-e-type=\"container\">\n\t\t<div class=\"elementor-element elementor-element-bd75e3e e-con-full e-flex e-con e-child\" data-id=\"bd75e3e\" data-element_type=\"container\" data-e-type=\"container\">\n\t\t<div class=\"elementor-element elementor-element-13ba1a6 e-con-full e-flex e-con e-child\" data-id=\"13ba1a6\" data-element_type=\"container\" data-e-type=\"container\">\n\t\t\t\t<div class=\"elementor-element elementor-element-6d8c732 elementor-widget elementor-widget-text-editor\" data-id=\"6d8c732\" data-element_type=\"widget\" data-e-type=\"widget\" data-widget_type=\"text-editor.default\">\n\t\t\t\t<div class=\"elementor-widget-container\">\n\t\t\t\t\t\t\t\t\t<p style=\"text-align: center;\"><span style=\"color: #ffffff;\">Conferencias y ponencias\/Conferences and talks<\/span><\/p>\t\t\t\t\t\t\t\t<\/div>\n\t\t\t\t<\/div>\n\t\t\t\t<div class=\"elementor-element elementor-element-a9a82d3 elementor-widget elementor-widget-text-editor\" data-id=\"a9a82d3\" data-element_type=\"widget\" data-e-type=\"widget\" data-widget_type=\"text-editor.default\">\n\t\t\t\t<div class=\"elementor-widget-container\">\n\t\t\t\t\t\t\t\t\t<p><strong><span style=\"color: #000000;\">\u00ab<a href=\"https:\/\/hdl.handle.net\/2445\/226682\" target=\"_blank\" rel=\"noopener\">Pr\u00e1cticas Educativas Abiertas (PEA) para el desarrollo de la Competencia Digital Cr\u00edtica y la Agencia para el Aprendizaje<\/a><\/span><\/strong><span style=\"color: #000000;\"><strong>\u00ab<\/strong>. <\/span><span style=\"color: #000000;\">Ponencia en la Mesa Redonda: Mapeando los REA: Visi\u00f3n de las universidades espa\u00f1olas en el marco de la Jornada de Recursos Educativos Abiertos (REA): innovaci\u00f3n y colaboraci\u00f3n. Universitat de Barcelona. Ponente: Victoria Mar\u00edn. Enero del 2026.<\/span><\/p>\t\t\t\t\t\t\t\t<\/div>\n\t\t\t\t<\/div>\n\t\t\t\t<div class=\"elementor-element elementor-element-48e1139 elementor-widget elementor-widget-text-editor\" data-id=\"48e1139\" data-element_type=\"widget\" data-e-type=\"widget\" data-widget_type=\"text-editor.default\">\n\t\t\t\t<div class=\"elementor-widget-container\">\n\t\t\t\t\t\t\t\t\t<p><span style=\"color: #000000;\"><strong>\u00abCritical and Ethical Perspectives on the Use of Technology in Education: Towards Critical Digital Competence\u00bb.<\/strong> Ponencia en el marco del International Conference on Advanced Learning Technologies for Education and Research \u2013 ICALTER. Universidad Nacional Aut\u00f3noma Altoandina de Tarma y la Universidad Peruana de Ciencias Aplicadas, secci\u00f3n Per\u00fa del IEEE y del Capitulo Per\u00fa de la IEEE Computer Society. Ponente: Victoria Mar\u00edn. Diciembre del 2025.<\/span><\/p>\t\t\t\t\t\t\t\t<\/div>\n\t\t\t\t<\/div>\n\t\t\t\t<div class=\"elementor-element elementor-element-32db7bc elementor-widget elementor-widget-text-editor\" data-id=\"32db7bc\" data-element_type=\"widget\" data-e-type=\"widget\" data-widget_type=\"text-editor.default\">\n\t\t\t\t<div class=\"elementor-widget-container\">\n\t\t\t\t\t\t\t\t\t<p><span style=\"color: #000000;\"><strong>\u00abLooking at Digital Competence from a Critical Perspective: let&#8217;s talk about Critical Digital Competence\u00bb<\/strong>. Conferencia en el marco de Proyecto ERASMUS+: Leading European Competences into Teacher Training Standard to Ensure Ukraine\u2019s Resilience y Blended Intensive Programme Erasmus \u201cMobilities to open education: interdisciplinary learning for the future\u201d. Universitat de les Illes Balears. Ponente: Victoria Mar\u00edn. Noviembre del 2025.<\/span><\/p>\t\t\t\t\t\t\t\t<\/div>\n\t\t\t\t<\/div>\n\t\t\t\t<div class=\"elementor-element elementor-element-8c0cbc8 elementor-widget elementor-widget-text-editor\" data-id=\"8c0cbc8\" data-element_type=\"widget\" data-e-type=\"widget\" data-widget_type=\"text-editor.default\">\n\t\t\t\t<div class=\"elementor-widget-container\">\n\t\t\t\t\t\t\t\t\t<p><span style=\"color: #000000;\"><strong>\u00abUna mirada al futuro: tendencias tecnopedag\u00f3gicas desde la investigaci\u00f3n y la pr\u00e1ctica\u00bb.<\/strong> Ponencia en el marco de las XXXII Jornadas Universitarias de Tecnolog\u00eda Educativa (JUTE 2025). Universidad de Valladolid. Ponente: Victoria Mar\u00edn. Junio del 2025.<\/span><\/p>\t\t\t\t\t\t\t\t<\/div>\n\t\t\t\t<\/div>\n\t\t\t\t<div class=\"elementor-element elementor-element-efb780f elementor-widget elementor-widget-text-editor\" data-id=\"efb780f\" data-element_type=\"widget\" data-e-type=\"widget\" data-widget_type=\"text-editor.default\">\n\t\t\t\t<div class=\"elementor-widget-container\">\n\t\t\t\t\t\t\t\t\t<p><strong><span style=\"color: #000000;\">\u00ab<\/span><\/strong><span style=\"color: #000000;\"><strong>Tendencias en la Educaci\u00f3n Superior Apoyada con Tecnolog\u00edas\u00bb.<\/strong> Conferencia invitada para el aniversario de Servicio de Universidad Abierta y Educaci\u00f3n a Distancia de la Universidad Aut\u00f3noma de M\u00e9xico. Ponente: Linda Casta\u00f1eda. Febrero de 2025.<\/span><\/p>\t\t\t\t\t\t\t\t<\/div>\n\t\t\t\t<\/div>\n\t\t\t\t<div class=\"elementor-element elementor-element-9834968 elementor-widget elementor-widget-text-editor\" data-id=\"9834968\" data-element_type=\"widget\" data-e-type=\"widget\" data-widget_type=\"text-editor.default\">\n\t\t\t\t<div class=\"elementor-widget-container\">\n\t\t\t\t\t\t\t\t\t<p><span style=\"color: #000000;\"><strong>\u00abBeyond digital literacy: the need for critical and ecological approaches\u00bb.<\/strong>\u00a0Ponencia en el marco de las Lecture series \u00abRingvorlesung\u00bb del programa de M\u00e1ster INTERMEDIA. University of Cologne (Alemania). Ponente: Victoria Mar\u00edn. Enero de 2024.<\/span><\/p>\t\t\t\t\t\t\t\t<\/div>\n\t\t\t\t<\/div>\n\t\t\t\t<div class=\"elementor-element elementor-element-6b15ddc elementor-widget elementor-widget-text-editor\" data-id=\"6b15ddc\" data-element_type=\"widget\" data-e-type=\"widget\" data-widget_type=\"text-editor.default\">\n\t\t\t\t<div class=\"elementor-widget-container\">\n\t\t\t\t\t\t\t\t\t<p><strong><span style=\"color: #000000;\">\u00ab<\/span><span style=\"color: #000000;\">La personalizaci\u00f3n, los PLE y otras criaturas mitol\u00f3gicas en tiempos de tecnolog\u00edas generativas\u00bb<\/span><\/strong><span style=\"color: #000000;\">. Conferencia de cierre Jornadas de Innovaci\u00f3n Pedag\u00f3gica (JIPA) 2024 de Antequera. Ponente: Linda Casta\u00f1eda. Marzo de 2024.<\/span><\/p>\t\t\t\t\t\t\t\t<\/div>\n\t\t\t\t<\/div>\n\t\t\t\t<\/div>\n\t\t\t\t<\/div>\n\t\t\t\t<\/div>\n\t\t\t\t<\/div>\n\t\t\t\t<div class=\"elementor-element elementor-element-dacad59 elementor-widget elementor-widget-spacer\" data-id=\"dacad59\" data-element_type=\"widget\" data-e-type=\"widget\" data-widget_type=\"spacer.default\">\n\t\t\t\t<div class=\"elementor-widget-container\">\n\t\t\t\t\t\t\t<div class=\"elementor-spacer\">\n\t\t\t<div class=\"elementor-spacer-inner\"><\/div>\n\t\t<\/div>\n\t\t\t\t\t\t<\/div>\n\t\t\t\t<\/div>\n\t\t\t\t\t<\/div>\n\t\t\t\t<\/div>\n\t\t<div class=\"elementor-element elementor-element-743af62 e-flex e-con-boxed e-con e-parent\" data-id=\"743af62\" data-element_type=\"container\" data-e-type=\"container\">\n\t\t\t\t\t<div class=\"e-con-inner\">\n\t\t<div class=\"elementor-element elementor-element-3894d1e e-con-full e-flex e-con e-child\" data-id=\"3894d1e\" data-element_type=\"container\" data-e-type=\"container\">\n\t\t<div class=\"elementor-element elementor-element-8c47ce1 e-con-full e-flex e-con e-child\" data-id=\"8c47ce1\" data-element_type=\"container\" data-e-type=\"container\">\n\t\t<div class=\"elementor-element elementor-element-e69e0ca e-con-full e-flex e-con e-child\" data-id=\"e69e0ca\" data-element_type=\"container\" data-e-type=\"container\">\n\t\t\t\t<div class=\"elementor-element elementor-element-9856c5e elementor-widget elementor-widget-spacer\" data-id=\"9856c5e\" data-element_type=\"widget\" data-e-type=\"widget\" data-widget_type=\"spacer.default\">\n\t\t\t\t<div class=\"elementor-widget-container\">\n\t\t\t\t\t\t\t<div class=\"elementor-spacer\">\n\t\t\t<div class=\"elementor-spacer-inner\"><\/div>\n\t\t<\/div>\n\t\t\t\t\t\t<\/div>\n\t\t\t\t<\/div>\n\t\t\t\t<\/div>\n\t\t\t\t<\/div>\n\t\t\t\t<\/div>\n\t\t<div class=\"elementor-element elementor-element-b4f7a17 e-con-full e-flex e-con e-child\" data-id=\"b4f7a17\" data-element_type=\"container\" data-e-type=\"container\">\n\t\t<div class=\"elementor-element elementor-element-e9629d6 e-con-full e-flex e-con e-child\" data-id=\"e9629d6\" data-element_type=\"container\" data-e-type=\"container\">\n\t\t<div class=\"elementor-element elementor-element-fd07e88 e-con-full e-flex e-con e-child\" data-id=\"fd07e88\" data-element_type=\"container\" data-e-type=\"container\">\n\t\t\t\t<div class=\"elementor-element elementor-element-d9c7263 elementor-widget elementor-widget-text-editor\" data-id=\"d9c7263\" data-element_type=\"widget\" data-e-type=\"widget\" data-widget_type=\"text-editor.default\">\n\t\t\t\t<div class=\"elementor-widget-container\">\n\t\t\t\t\t\t\t\t\t<p style=\"text-align: center;\"><span style=\"color: #ffffff;\">Seminarios y cursos\/Seminars and courses<\/span><\/p>\t\t\t\t\t\t\t\t<\/div>\n\t\t\t\t<\/div>\n\t\t\t\t<div class=\"elementor-element elementor-element-d5fabec elementor-widget elementor-widget-spacer\" data-id=\"d5fabec\" data-element_type=\"widget\" data-e-type=\"widget\" data-widget_type=\"spacer.default\">\n\t\t\t\t<div class=\"elementor-widget-container\">\n\t\t\t\t\t\t\t<div class=\"elementor-spacer\">\n\t\t\t<div class=\"elementor-spacer-inner\"><\/div>\n\t\t<\/div>\n\t\t\t\t\t\t<\/div>\n\t\t\t\t<\/div>\n\t\t\t\t<div class=\"elementor-element elementor-element-1d96a5e elementor-widget elementor-widget-text-editor\" data-id=\"1d96a5e\" data-element_type=\"widget\" data-e-type=\"widget\" data-widget_type=\"text-editor.default\">\n\t\t\t\t<div class=\"elementor-widget-container\">\n\t\t\t\t\t\t\t\t\t<p><span style=\"color: #000000;\"><a href=\"https:\/\/www.cse.udelar.edu.uy\/2026\/04\/06\/taller-de-rediseno-de-situaciones-de-aprendizaje-abiertas-en-la-docencia-con-foco-en-la-agencia-del-alumnado-y-la-competencia-digital-critica\/\" target=\"_blank\" rel=\"noopener\"><strong>(Re)dise\u00f1o de situaciones de aprendizaje abiertas en la docencia con foco en la agencia del alumnado y la competencia digital cr\u00edtica<\/strong><\/a>. Taller a integrantes de las Unidades de Apoyo a la Ense\u00f1anza de todas las facultades, integrantes del prorrectorado de Ense\u00f1anza, otros actores vinculados a temas de ense\u00f1anza en los servicios, y docentes universitarios. Universidad de la Rep\u00fablica, Uruguay. Organizado en el marco del Programa de Desarrollo Pedag\u00f3gico Docente. Ponente: Victoria Mar\u00edn. Abril de 2026.<\/span><\/p>\t\t\t\t\t\t\t\t<\/div>\n\t\t\t\t<\/div>\n\t\t\t\t<div class=\"elementor-element elementor-element-dea4f1d elementor-widget elementor-widget-text-editor\" data-id=\"dea4f1d\" data-element_type=\"widget\" data-e-type=\"widget\" data-widget_type=\"text-editor.default\">\n\t\t\t\t<div class=\"elementor-widget-container\">\n\t\t\t\t\t\t\t\t\t<div class=\"x_elementToProof\" data-olk-copy-source=\"MessageBody\"><span style=\"color: #000000;\"><strong>Uso de la Inteligencia Artificial en la investigaci\u00f3n: construcci\u00f3n de un dec\u00e1logo de uso \u00e9tico y cr\u00edtico de la IA en la tesis doctoral<\/strong>. (Use of Artificial Inteligence in research: construction of a decalogue for the ethical and critical use of AI in the doctoral thesis). Talleres de formaci\u00f3n a estudiantes y tutores de doctorado. Universitat de Lleida. Organizado en el marco de la <a href=\"https:\/\/www.doctorat.udl.cat\/ca\/formacio-investigadora\/pla-de-formacio\/jornades\/jornada-de-doctorat\/\" target=\"_blank\" rel=\"noopener\">XII Jornada de Doctorado de la Escola de Doctorat de la UdL<\/a>. Ponente: Maria Carme Peguera-Carr\u00e9. Marzo de 2026.<\/span><\/div><div data-olk-copy-source=\"MessageBody\">\u00a0<\/div>\t\t\t\t\t\t\t\t<\/div>\n\t\t\t\t<\/div>\n\t\t\t\t<div class=\"elementor-element elementor-element-f21aceb elementor-widget elementor-widget-text-editor\" data-id=\"f21aceb\" data-element_type=\"widget\" data-e-type=\"widget\" data-widget_type=\"text-editor.default\">\n\t\t\t\t<div class=\"elementor-widget-container\">\n\t\t\t\t\t\t\t\t\t<p><span style=\"color: #000000;\"><strong>\u00abEls recursos educatius oberts en la doc\u00e8ncia universit\u00e0ria: Estrat\u00e8gies i pol\u00edtiques per a la seua creaci\u00f3 i utilitzaci\u00f3\u00bb<\/strong> (<i>\u201cLos recursos educativos abiertos en la docencia universitaria: Estrategias y pol\u00edticas para su creaci\u00f3n y utilizaci\u00f3n\u201d)<\/i>. Seminario de formaci\u00f3n a profesorado universitario. Universitat Jaume I. Organizado en el marco de la alianza europea EDUC (European Digital UniverCity). Ponente: Victoria Mar\u00edn. Febrero de 2025.<\/span><\/p>\t\t\t\t\t\t\t\t<\/div>\n\t\t\t\t<\/div>\n\t\t\t\t<\/div>\n\t\t\t\t<div class=\"elementor-element elementor-element-a099afa elementor-widget elementor-widget-spacer\" data-id=\"a099afa\" data-element_type=\"widget\" data-e-type=\"widget\" data-widget_type=\"spacer.default\">\n\t\t\t\t<div class=\"elementor-widget-container\">\n\t\t\t\t\t\t\t<div class=\"elementor-spacer\">\n\t\t\t<div class=\"elementor-spacer-inner\"><\/div>\n\t\t<\/div>\n\t\t\t\t\t\t<\/div>\n\t\t\t\t<\/div>\n\t\t\t\t<\/div>\n\t\t\t\t<\/div>\n\t\t\t\t\t<\/div>\n\t\t\t\t<\/div>\n\t\t<div class=\"elementor-element elementor-element-29764fe e-flex e-con-boxed e-con e-parent\" data-id=\"29764fe\" data-element_type=\"container\" data-e-type=\"container\">\n\t\t\t\t\t<div class=\"e-con-inner\">\n\t\t<div class=\"elementor-element elementor-element-572b213 e-con-full e-flex e-con e-child\" data-id=\"572b213\" data-element_type=\"container\" data-e-type=\"container\">\n\t\t<div class=\"elementor-element elementor-element-996a6fc e-con-full e-flex e-con e-child\" data-id=\"996a6fc\" data-element_type=\"container\" data-e-type=\"container\">\n\t\t<div class=\"elementor-element elementor-element-2b4f87c e-con-full e-flex e-con e-child\" data-id=\"2b4f87c\" data-element_type=\"container\" data-e-type=\"container\">\n\t\t\t\t<div class=\"elementor-element elementor-element-c3b8d6e elementor-widget elementor-widget-spacer\" data-id=\"c3b8d6e\" data-element_type=\"widget\" data-e-type=\"widget\" data-widget_type=\"spacer.default\">\n\t\t\t\t<div class=\"elementor-widget-container\">\n\t\t\t\t\t\t\t<div class=\"elementor-spacer\">\n\t\t\t<div class=\"elementor-spacer-inner\"><\/div>\n\t\t<\/div>\n\t\t\t\t\t\t<\/div>\n\t\t\t\t<\/div>\n\t\t\t\t<\/div>\n\t\t\t\t<\/div>\n\t\t\t\t<\/div>\n\t\t<div class=\"elementor-element elementor-element-9a4beee e-con-full e-flex e-con e-child\" data-id=\"9a4beee\" data-element_type=\"container\" data-e-type=\"container\">\n\t\t<div class=\"elementor-element elementor-element-cc40b32 e-con-full e-flex e-con e-child\" data-id=\"cc40b32\" data-element_type=\"container\" data-e-type=\"container\">\n\t\t<div class=\"elementor-element elementor-element-34d9f2c e-con-full e-flex e-con e-child\" data-id=\"34d9f2c\" data-element_type=\"container\" data-e-type=\"container\">\n\t\t\t\t<div class=\"elementor-element elementor-element-09bd8be elementor-widget elementor-widget-text-editor\" data-id=\"09bd8be\" data-element_type=\"widget\" data-e-type=\"widget\" data-widget_type=\"text-editor.default\">\n\t\t\t\t<div class=\"elementor-widget-container\">\n\t\t\t\t\t\t\t\t\t<p style=\"text-align: center;\"><span style=\"color: #ffffff;\">Tesis doctorales\/Doctoral thesis<\/span><\/p>\t\t\t\t\t\t\t\t<\/div>\n\t\t\t\t<\/div>\n\t\t\t\t<div class=\"elementor-element elementor-element-8698817 elementor-widget elementor-widget-spacer\" data-id=\"8698817\" data-element_type=\"widget\" data-e-type=\"widget\" data-widget_type=\"spacer.default\">\n\t\t\t\t<div class=\"elementor-widget-container\">\n\t\t\t\t\t\t\t<div class=\"elementor-spacer\">\n\t\t\t<div class=\"elementor-spacer-inner\"><\/div>\n\t\t<\/div>\n\t\t\t\t\t\t<\/div>\n\t\t\t\t<\/div>\n\t\t\t\t<div class=\"elementor-element elementor-element-8bb5c40 elementor-widget elementor-widget-text-editor\" data-id=\"8bb5c40\" data-element_type=\"widget\" data-e-type=\"widget\" data-widget_type=\"text-editor.default\">\n\t\t\t\t<div class=\"elementor-widget-container\">\n\t\t\t\t\t\t\t\t\t<p><span style=\"color: #000000;\">Gonz\u00e1lez Mingot, Sandra (2024). Directora: Dra.\u00a0<\/span><span style=\"color: #000000;\">Victoria Mar\u00edn Juarros. \u00ab<\/span><span style=\"color: #000000;\">Impacte de les plataformes digitals a l&#8217;educaci\u00f3 prim\u00e0ria catalana\u00bb. Universitat de Lleida.\u00a0<\/span><\/p>\t\t\t\t\t\t\t\t<\/div>\n\t\t\t\t<\/div>\n\t\t\t\t<div class=\"elementor-element elementor-element-505a3ad elementor-widget elementor-widget-text-editor\" data-id=\"505a3ad\" data-element_type=\"widget\" data-e-type=\"widget\" data-widget_type=\"text-editor.default\">\n\t\t\t\t<div class=\"elementor-widget-container\">\n\t\t\t\t\t\t\t\t\t<p><span style=\"color: #000000;\">Zhang, Peng (2024). Directora: Dra. Gemma Tur. \u00abCollaborative processes in e-portfolio practice: a co-design approach for agentic learning\u00bb. Universitat de les Illes Balears.\u00a0\u00a0<\/span><\/p>\t\t\t\t\t\t\t\t<\/div>\n\t\t\t\t<\/div>\n\t\t\t\t<\/div>\n\t\t\t\t<div class=\"elementor-element elementor-element-1d90262 elementor-widget elementor-widget-spacer\" data-id=\"1d90262\" data-element_type=\"widget\" data-e-type=\"widget\" data-widget_type=\"spacer.default\">\n\t\t\t\t<div class=\"elementor-widget-container\">\n\t\t\t\t\t\t\t<div class=\"elementor-spacer\">\n\t\t\t<div class=\"elementor-spacer-inner\"><\/div>\n\t\t<\/div>\n\t\t\t\t\t\t<\/div>\n\t\t\t\t<\/div>\n\t\t\t\t<\/div>\n\t\t\t\t<\/div>\n\t\t\t\t\t<\/div>\n\t\t\t\t<\/div>\n\t\t\t\t<\/div>\n\t\t","protected":false},"excerpt":{"rendered":"<p>Transferencia\/Transfer Conferencias y ponencias\/Conferences and talks \u00abPr\u00e1cticas Educativas Abiertas (PEA) para el desarrollo de la Competencia Digital Cr\u00edtica y la Agencia para el Aprendizaje\u00ab. Ponencia en la Mesa Redonda: Mapeando los REA: Visi\u00f3n de las universidades espa\u00f1olas en el marco de la Jornada de Recursos Educativos Abiertos (REA): innovaci\u00f3n y colaboraci\u00f3n. Universitat de Barcelona. Ponente: [&hellip;]<\/p>\n","protected":false},"author":3,"featured_media":0,"parent":33,"menu_order":0,"comment_status":"closed","ping_status":"closed","template":"","meta":{"footnotes":""},"class_list":["post-807","page","type-page","status-publish","hentry"],"_links":{"self":[{"href":"https:\/\/recercacompetecs.udl.cat\/codicri\/wp-json\/wp\/v2\/pages\/807","targetHints":{"allow":["GET"]}}],"collection":[{"href":"https:\/\/recercacompetecs.udl.cat\/codicri\/wp-json\/wp\/v2\/pages"}],"about":[{"href":"https:\/\/recercacompetecs.udl.cat\/codicri\/wp-json\/wp\/v2\/types\/page"}],"author":[{"embeddable":true,"href":"https:\/\/recercacompetecs.udl.cat\/codicri\/wp-json\/wp\/v2\/users\/3"}],"replies":[{"embeddable":true,"href":"https:\/\/recercacompetecs.udl.cat\/codicri\/wp-json\/wp\/v2\/comments?post=807"}],"version-history":[{"count":118,"href":"https:\/\/recercacompetecs.udl.cat\/codicri\/wp-json\/wp\/v2\/pages\/807\/revisions"}],"predecessor-version":[{"id":2853,"href":"https:\/\/recercacompetecs.udl.cat\/codicri\/wp-json\/wp\/v2\/pages\/807\/revisions\/2853"}],"up":[{"embeddable":true,"href":"https:\/\/recercacompetecs.udl.cat\/codicri\/wp-json\/wp\/v2\/pages\/33"}],"wp:attachment":[{"href":"https:\/\/recercacompetecs.udl.cat\/codicri\/wp-json\/wp\/v2\/media?parent=807"}],"curies":[{"name":"wp","href":"https:\/\/api.w.org\/{rel}","templated":true}]}}