{"id":3076,"date":"2026-09-02T10:35:16","date_gmt":"2026-09-02T08:35:16","guid":{"rendered":"https:\/\/recercacompetecs.udl.cat\/codicri\/?page_id=3076"},"modified":"2026-09-02T10:35:16","modified_gmt":"2026-09-02T08:35:16","slug":"kitcodicrica","status":"publish","type":"page","link":"https:\/\/recercacompetecs.udl.cat\/codicri\/kitcodicrica","title":{"rendered":"El kit digital de CoDiCri (catal\u00e0)"},"content":{"rendered":"\n<h2 class=\"wp-block-heading\">El Kit digital de CoDiCri (catal\u00e0)<\/h2>\n\n\n\n<p class=\"wp-block-paragraph\">L&#8217;objectiu final del projecte CoDiCri inclou el desenvolupament de diferents eines conceptuals, instruments de disseny i un marc did\u00e0ctic per al desenvolupament de pr\u00e0ctiques educatives obertes per a Educaci\u00f3 Superior que contribueixin al desenvolupament de la compet\u00e8ncia digital cr\u00edtica de l&#8217;estudiantat promovent expl\u00edcitament l&#8217;exercici de l&#8217;ag\u00e8ncia per a l&#8217;aprenentatge.<\/p>\n\n\n\n<p class=\"wp-block-paragraph\">A continuaci\u00f3 compartim el kit digital de CoDiCri, amb llic\u00e8ncies obertes, per a la seva reutilitzaci\u00f3 i adaptaci\u00f3, en catal\u00e0. Tamb\u00e9 disponible en castell\u00e0, gallec i basc.<\/p>\n\n\n<div class=\"h5p-iframe-wrapper\"><iframe id=\"h5p-iframe-5\" class=\"h5p-iframe\" data-content-id=\"5\" style=\"height:1px\" src=\"about:blank\" frameBorder=\"0\" scrolling=\"no\" title=\"Eina d&#039;orientaci\u00f3 i instruccions CoDiCri\"><\/iframe><\/div>\n\n\n\n<div style=\"height:100px\" aria-hidden=\"true\" class=\"wp-block-spacer\"><\/div>\n\n\n<div class=\"h5p-iframe-wrapper\"><iframe id=\"h5p-iframe-9\" class=\"h5p-iframe\" data-content-id=\"9\" style=\"height:1px\" src=\"about:blank\" frameBorder=\"0\" scrolling=\"no\" title=\"Dissenya la teva Pr\u00e0ctica Educativa Oberta\"><\/iframe><\/div>\n\n\n\n<p class=\"wp-block-paragraph\"><\/p>\n","protected":false},"excerpt":{"rendered":"<p>El Kit digital de CoDiCri (catal\u00e0) L&#8217;objectiu final del projecte CoDiCri inclou el desenvolupament de diferents eines conceptuals, instruments de disseny i un marc did\u00e0ctic per al desenvolupament de pr\u00e0ctiques educatives obertes per a Educaci\u00f3 Superior que contribueixin al desenvolupament de la compet\u00e8ncia digital cr\u00edtica de l&#8217;estudiantat promovent expl\u00edcitament l&#8217;exercici de l&#8217;ag\u00e8ncia per a l&#8217;aprenentatge. [&hellip;]<\/p>\n","protected":false},"author":2,"featured_media":0,"parent":0,"menu_order":0,"comment_status":"closed","ping_status":"closed","template":"","meta":{"footnotes":""},"class_list":["post-3076","page","type-page","status-publish","hentry"],"_links":{"self":[{"href":"https:\/\/recercacompetecs.udl.cat\/codicri\/wp-json\/wp\/v2\/pages\/3076","targetHints":{"allow":["GET"]}}],"collection":[{"href":"https:\/\/recercacompetecs.udl.cat\/codicri\/wp-json\/wp\/v2\/pages"}],"about":[{"href":"https:\/\/recercacompetecs.udl.cat\/codicri\/wp-json\/wp\/v2\/types\/page"}],"author":[{"embeddable":true,"href":"https:\/\/recercacompetecs.udl.cat\/codicri\/wp-json\/wp\/v2\/users\/2"}],"replies":[{"embeddable":true,"href":"https:\/\/recercacompetecs.udl.cat\/codicri\/wp-json\/wp\/v2\/comments?post=3076"}],"version-history":[{"count":5,"href":"https:\/\/recercacompetecs.udl.cat\/codicri\/wp-json\/wp\/v2\/pages\/3076\/revisions"}],"predecessor-version":[{"id":3163,"href":"https:\/\/recercacompetecs.udl.cat\/codicri\/wp-json\/wp\/v2\/pages\/3076\/revisions\/3163"}],"wp:attachment":[{"href":"https:\/\/recercacompetecs.udl.cat\/codicri\/wp-json\/wp\/v2\/media?parent=3076"}],"curies":[{"name":"wp","href":"https:\/\/api.w.org\/{rel}","templated":true}]}}

El kit digital de CoDiCri (català)

<h2 class="wp-block-heading">El Kit digital de CoDiCri (català)</h2>



<p class="wp-block-paragraph">L&#8217;objectiu final del projecte CoDiCri inclou el desenvolupament de diferents eines conceptuals, instruments de disseny i un marc didàctic per al desenvolupament de pràctiques educatives obertes per a Educació Superior que contribueixin al desenvolupament de la competència digital crítica de l&#8217;estudiantat promovent explícitament l&#8217;exercici de l&#8217;agència per a l&#8217;aprenentatge.</p>



<p class="wp-block-paragraph">A continuació compartim el kit digital de CoDiCri, amb llicències obertes, per a la seva reutilització i adaptació, en català. També disponible en castellà, gallec i basc.</p>


<div class="h5p-iframe-wrapper"><iframe id="h5p-iframe-5" class="h5p-iframe" data-content-id="5" style="height:1px" src="about:blank" frameBorder="0" scrolling="no" title="Eina d&#039;orientació i instruccions CoDiCri"></iframe></div>



<div style="height:100px" aria-hidden="true" class="wp-block-spacer"></div>


<div class="h5p-iframe-wrapper"><iframe id="h5p-iframe-9" class="h5p-iframe" data-content-id="9" style="height:1px" src="about:blank" frameBorder="0" scrolling="no" title="Dissenya la teva Pràctica Educativa Oberta"></iframe></div>



<p class="wp-block-paragraph"></p>

<p>El Kit digital de CoDiCri (català) L&#8217;objectiu final del projecte CoDiCri inclou el desenvolupament de diferents eines conceptuals, instruments de disseny i un marc didàctic per al desenvolupament de pràctiques educatives obertes per a Educació Superior que contribueixin al desenvolupament de la competència digital crítica de l&#8217;estudiantat promovent explícitament l&#8217;exercici de l&#8217;agència per a l&#8217;aprenentatge. [&hellip;]</p>
